n) = 13*n**2 + n - n - 3*n**2. What is the units digit of i(1)?
0
Let f(t) = 1. Let r(b) = 2*b - 18. Let v(d) = 5*f(d) + r(d). What is the units digit of v(15)?
7
Let o = 40 - 7. What is the tens digit of o?
3
What is the units digit of -3 + 1 + (-3 - -7) + 222?
4
Suppose -4*m - 3*m + 385 = 0. What is the units digit of m?
5
What is the tens digit of (8/(-2))/4 - -19?
1
Suppose -4*s + 40 = -9*s - 3*r, -3*s - 24 = -r. Let b = 17 - s. Let d = b - 13. What is the tens digit of d?
1
Let u = 11 - 7. What is the units digit of u?
4
Let v = 5 - -4. Let s = 39 - v. Suppose -3*w = 2*w - s. What is the units digit of w?
6
Suppose -80 = -o + 3*o. Let y = o + 58. What is the tens digit of y?
1
Let s(j) be the third derivative of -j**4/6 + j**2. Suppose -4*x - 10 = x. What is the units digit of s(x)?
8
Let h(u) = u**3 + 5*u**2 + 2. Let m(o) = -o**2 + 2*o + 3. Let f be m(4). Let q be h(f). Suppose x + q = 6. What is the units digit of x?
4
Let s = -11 + 3. Suppose 0*l = l + 5. Let m = l - s. What is the units digit of m?
3
Let g(v) = -v**3 + 3*v**2 + 6*v - 3. Suppose -14 = 4*a - 6*a. Suppose 32 = 3*i - 5*o, 0 = -a*i + 3*i + 5*o + 36. What is the units digit of g(i)?
5
Suppose p = 2*p. Let j(x) = -x + 5. What is the units digit of j(p)?
5
Suppose -3*n = 0, -k - n - 25 = -0*n. Let s = k - -36. What is the tens digit of s?
1
Let y(r) = -r + 2. Let c be y(-2). Suppose 3*m - 26 = -2*j + 2, 0 = c*m - 2*j - 42. What is the tens digit of m?
1
Suppose 5*y + 5 = 0, -2*t - 2*y + 55 = y. What is the units digit of t?
9
Suppose 0 = 6*n - 4*n - 200. Suppose -5*u = -2*a - 230, 110 = 5*u + 2*a - n. What is the tens digit of u?
4
Let a(d) = 35*d + 34. What is the units digit of a(3)?
9
Suppose -4*h = g - 10, -3*h - 3 = -0*h. What is the tens digit of 194/10 + g/(-35)?
1
Let k(f) = 271*f**2 - f. What is the units digit of k(-1)?
2
What is the tens digit of (-4)/3*522/(-12)?
5
Suppose -251 = -3*r - 2*s, r - 5*s + 330 = 5*r. Suppose -5*t = 2*v - 26, r = 4*v - v - 4*t. What is the units digit of v?
3
Suppose -78 - 102 = -4*u. What is the units digit of u?
5
Let u be (-33)/6*2/(-1). Let s = u + -8. What is the units digit of s?
3
Let y be (-1 - -2) + (-5)/(-1). Let d(x) = 4*x - 5. What is the units digit of d(y)?
9
Suppose -2*x + 24 - 6 = 0. Suppose -2 = f - x. What is the units digit of f?
7
Let w(k) = k**2 - 8*k + 1. Let u be w(7). Let l be u/8 - (-9)/12. Suppose 4*v = -l*v + 4. What is the units digit of v?
1
Let d(g) = g + 1. Let r(o) = o**3 - 8*o**2 + 7*o + 3. Let u be r(7). Let x be d(u). Suppose 2*v + 3*k = x*v + 5, -2*k = -2*v. What is the units digit of v?
5
Let a(i) be the first derivative of 2*i**2 - 6*i + 3. Let q be a(4). Suppose 32 = 2*g + q. What is the units digit of g?
1
Suppose -4*g = 3*c - 313, 0 = 2*g - 3*g + 5*c + 107. What is the units digit of g?
2
Suppose 3180 = 6*i + 4*i. What is the tens digit of i?
1
Suppose 0 = 4*l - 3*l + 2. What is the units digit of -6*-1*(-2)/l?
6
Let y be -7 + (-1 - (-2)/2). Let p(z) = -2*z - 10. Let q be p(y). Suppose -l = q*r - 62, 0*l - l + 17 = r. What is the units digit of r?
5
Let y = -4 + 7. Suppose 4*g - g + 5*i - 10 = 0, -y*g + 26 = i. What is the units digit of g?
0
Let l(b) = b**2 - 3*b + 1. Let m be l(2). Let r = 2 + m. What is the units digit of r?
1
Suppose 0 = 4*d + 3*t - 57, -4*t - 9 = -2*d + t. What is the units digit of d?
2
Suppose -4*n = 3*t - 96, 0 = -t - 6 + 2. Suppose 7*a - 3*b = 3*a - 58, 5*a + 76 = 2*b. Let d = a + n. What is the tens digit of d?
1
Suppose -1 = 3*s + 14, s - 47 = -2*x. What is the tens digit of x?
2
Let q(x) = -6*x + 14. What is the units digit of q(-7)?
6
Let o = 7 - -14. Let q = o - 15. What is the units digit of q?
6
Let t = 0 - 4. What is the units digit of (-9)/(-7) + t/14?
1
Let r(h) = -h**3 + 5*h**2 + 2*h + 2. What is the tens digit of r(5)?
1
Suppose y - 28 + 10 = -4*w, -4*y + 52 = -4*w. Let n = y + -10. Suppose -10 = n*v - 30. What is the units digit of v?
5
Let n = 37 + 66. What is the tens digit of n?
0
Let v(g) be the third derivative of g**4/24 - g**3/6 + g**2. Let i(c) = -7*c**3 + c**2 + 3*c - 2. Let p(s) = i(s) - 2*v(s). What is the units digit of p(-1)?
7
Suppose 2*t + 40 = 7*t. Suppose h + t - 1 = 0. Let x = h + 18. What is the units digit of x?
1
Let z be 1 - (1 + (-1 - 8)). Suppose -z = -0*n - n. What is the units digit of n?
9
Let i(o) = -2*o + 9. Let z be i(11). Let r = z - -26. What is the tens digit of r?
1
Let d be (-1*1)/((-10)/30). Let h(l) = l**2 + 3*l + 1. What is the tens digit of h(d)?
1
Let k = -4 - 0. What is the units digit of (14/(-8))/(k/48)?
1
Suppose -c = -2*c + 3. Suppose 5*d - 27 = -c*j, -2*j = -j + d - 11. What is the tens digit of j?
1
Let r = -245 - -399. What is the tens digit of r?
5
Let y be 4/(-6)*42/(-4). Let w(p) = p**3 - 6*p**2 - 7*p. Let v be w(y). Suppose f + 3*f - 80 = v. What is the tens digit of f?
2
Let d(r) = -21*r**2 + r + 1. Let t be d(-1). Let v be 4*(t/2)/(-3). Let o = v + -5. What is the units digit of o?
9
Let i = 11 - 21. Let b(n) = 2*n + 19 - 3*n + 2*n. What is the units digit of b(i)?
9
Let p(c) = c + 17. What is the units digit of p(8)?
5
Suppose -5*l - 2*o = -17, 0 = -2*l - 5*o + 9 + 2. Suppose -s - l*s + 92 = 0. What is the units digit of s?
3
Let a be (0 - (-10)/4)*2. Let y be (-88)/(-20) + (-2)/a. Suppose -28 = -y*j + 2*j. What is the tens digit of j?
1
Let p be (-1)/(1 - (2 - 0)). Let z be (4/(-6))/((-1)/3). What is the units digit of 2*1/z*p?
1
Let n(z) = z**2 - 4*z - 6. Let f be n(5). What is the units digit of 8 - (1 + f)/2?
8
Let t be (-180)/(-8)*6/5. What is the tens digit of (t/(-1))/(1 + -2)?
2
Suppose 5*l + 45 = 5*u - 0*u, -2*l = 4*u - 6. Suppose 61 + 47 = u*g. What is the units digit of g?
7
Suppose 1080 - 330 = 5*q. What is the tens digit of q?
5
Suppose 0 = -5*j - 0*j + 10. Suppose j*x = x + 1. Let d = 4 - x. What is the units digit of d?
3
Let k(c) = -c**3 - 6*c**2 - 5*c - 4. Let d be k(-5). Let b = 0 + d. What is the units digit of (b + 7)*10/6?
5
Suppose -6*j - 20 = -10*j. Let m(o) = 2 + 9 - 5*o - o**2 - j. What is the units digit of m(-5)?
6
Suppose 2*b - 4*b = -160. Suppose -v = w - 38, v - b = -w - w. What is the units digit of w?
2
Suppose 0 = -2*p + 3*k - 6 + 27, -5*p = -5*k - 40. Suppose 0 = 2*d - 1 - p. What is the units digit of d?
2
Suppose 4*l - 8 = 120. What is the tens digit of l?
3
Let f be ((-4)/(-6))/(4/18). Suppose 4*r = 13 + f. Suppose -r*d - d + 25 = 0. What is the units digit of d?
5
What is the hundreds digit of (-242)/(-3)*(-3)/(-2)?
1
Suppose -f - 5*v + 17 = 0, -2*f + 5 = 4*v - 41. What is the tens digit of f?
2
Let d be ((-2)/(-2))/(2/12). Let k(c) = -c**3 + 7*c**2 + 18*c - 2. Let w be k(9). What is the units digit of d*(2 + -3 - w)?
6
Let v(c) = c**3 + 5*c**2 - 7*c + 3. What is the tens digit of v(3)?
5
Let c(j) = 4*j**2 - 4*j + 3. Let h = 4 - 2. What is the units digit of c(h)?
1
Let a = 0 + 2. Suppose a*p - 96 = -4*t, -2*t + 3*p + 57 = 17. What is the units digit of t?
3
Let i(a) = 3*a**2 - 17. What is the tens digit of i(-4)?
3
Suppose -4*s = -3*b + 975, -2*b - 2*s + 276 = -374. What is the tens digit of b?
2
Suppose -4*g = -3*g - 5. Suppose g*v - 32 - 63 = 0. What is the units digit of v?
9
Let s(n) = n**3 + 6*n**2 + 5*n + 7. Let p(c) = -c - 9. Let i be p(-4). What is the units digit of s(i)?
7
Let w(a) = a + 20. Let i be w(0). Suppose -3 = b - i. What is the units digit of b?
7
Suppose -20*o + 15*o = -390. What is the tens digit of o?
7
Let o(q) = -q**2 - 3*q + 4. Let k be o(-3). Suppose t - 85 = 3*h - 6*h, -k*t = 3*h - 97. What is the units digit of h?
7
Let z(a) = 7*a**2 - 1. Let l = -6 + 4. Let n = l + 3. What is the units digit of z(n)?
6
What is the tens digit of -16 - -19 - 1*-41*1?
4
Suppose -3*x + n + 5 = 0, -4*n = x - 5 + 12. Suppose 2*v - 4*j = 22, 4*v - 2*j + 7*j = 31. Let i = v - x. What is the units digit of i?
8
Let b(k) = -2*k**3 - k**2 + 2*k. Let z be b(3). What is the tens digit of (-19)/z + 74/3?
2
Let k be 107/(-3) - (-2)/(-6). Let r = -22 - k. What is the units digit of r?
4
Let q(g) = 28*g**2 + 12*g + 2. What is the tens digit of q(-2)?
9
Let s(z) = -2*z**3 + 3*z + 11. What is the tens digit of s(-2)?
2
Let k(w) be the second derivative of w**3/2 - w**2 - 3*w. Let t be k(2). Suppose t*f = 12 + 24. What is the units digit of f?
9
Suppose -4*g = -2*g - 